 Let i be y(-6). What is the greatest common factor of 11 and i?
11
Let q(b) = -b. Let t be q(-4). Suppose t*n - 3*o = -4*o + 51, 3*o = -2*n + 13. Let p = -13 + 41. What is the highest common factor of n and p?
14
Let m(c) = 2*c**3 - 13*c**2 + 11*c + 7. Let n be m(7). What is the greatest common factor of n and 7?
7
Suppose 3*d - 2*g = 87, 2*d - 3*g = -d + 90. What is the greatest common divisor of 270 and d?
27
Let w be (-3)/(12/8) + -51. Let h = w - -77. Let p be 18/(-4)*(-80)/6. Calculate the greatest common factor of p and h.
12
Let p be (1/(-3))/(5/(-555)). What is the greatest common factor of p and 37?
37
Suppose 3*i - 63 = -5*s, 0 = -i - 5*s + 4 + 7. Calculate the highest common factor of i and 182.
26
Let f be (16/(-6))/((-5)/165). Calculate the highest common factor of f and 11.
11
Suppose -4*q - 7*t + 3*t = -104, -1 = t. What is the highest common divisor of 3 and q?
3
Let d = 99 + -21. Suppose -30 = -3*c + d. Suppose 33 = 5*u - 3*l, 2*u - 4*u + 14 = -l. Calculate the highest common divisor of c and u.
9
Suppose -208 - 1552 = -16*y. Suppose -4*n + n + 20 = -5*f, 2*n - 14 = 3*f. Calculate the greatest common factor of n and y.
10
Let t be 3/18 - 1055/30. Let h = -21 - t. What is the greatest common factor of 112 and h?
14
Let m(r) = -r**3 - 4*r**2 - 11*r - 20. Let h be m(-5). Calculate the highest common factor of h and 45.
15
Let v(l) = -l**2 + 13*l + 8. Let t be (12/2)/(-2) - -15. Let i be v(t). Calculate the highest common factor of 5 and i.
5
Let l(m) = -m**3 + 8*m**2 - 7*m + 5. Let y be l(6). What is the highest common factor of y and 7?
7
Suppose 2*b = -4*j + 126, -13*j + 4*b = -8*j - 138. What is the highest common factor of j and 18?
6
Suppose -73 = -4*q - 13. Let u(d) = -7*d + 1. Let v be u(-2). Calculate the greatest common factor of q and v.
15
Suppose -w - 5*n - 6 = 0, 2*w + n = -0*w + 6. Calculate the highest common divisor of 1 and w.
1
Let z = 102 + -228. Let f be z/(-4) + (-3)/(-6). Let i be ((-4)/(-6))/((-3)/(-72)). What is the highest common divisor of i and f?
16
Suppose -28 = -n - 4*m, -n + 2*m + 2*m - 4 = 0. Suppose 5*y + n = -28. Let s be ((-12)/8)/(3/y). What is the greatest common divisor of 8 and s?
4
Let d = -7 + 7. Suppose d = -4*k - 4*z + 36, -k - 4 = -3*z - 1. What is the highest common divisor of k and 4?
2
Let h(m) = -m**3 + 5*m**2 - 3. Let q be h(5). Let w be (-59)/(-3) + q/(-9). Let v be 118/3 + 4/6. What is the highest common divisor of v and w?
20
Let m(q) = -q**3 - 1 + 17*q - 1 - 17*q. Let z be m(-2). What is the highest common divisor of 3 and z?
3
Suppose x = -0*x + 13. What is the greatest common factor of 39 and x?
13
Let d(w) be the third derivative of w**5/60 + w**4/24 + 5*w**3/6 - 3*w**2. Let m be d(0). What is the highest common divisor of 35 and m?
5
Let z be 180*(1 - (-1)/(-2)). Calculate the greatest common factor of 10 and z.
10
Let i(z) = -4*z - 4. Let g be i(-3). Suppose 0 = 2*w - w - g. What is the greatest common divisor of 8 and w?
8
Let x = -5 + 8. Suppose -x*m + 6*m = 18. Calculate the greatest common divisor of m and 30.
6
Let l be 2 - (2/(-1) + 2). Suppose -l*u + 6 + 10 = 0. Calculate the highest common divisor of u and 1.
1
Let t(x) = x**2 + 5*x. Let w be t(5). Let q(b) = 7*b - 9. Let y be q(-8). Let k = -45 - y. Calculate the greatest common factor of w and k.
10
Let k = -42 - -52. What is the highest common factor of k and 4?
2
Let y(m) = 1 + 5*m - 7*m - 1. Let b be y(-1). Suppose 96 = 3*f - b*f. Calculate the highest common factor of 12 and f.
12
Let f be 4*(44/8 + 3). Calculate the greatest common factor of 238 and f.
34
Let x be -6 - (-2 + -1) - -20. Calculate the greatest common divisor of 68 and x.
17
Suppose -15 = 3*g - 0*g. Let l be (g - 0)*2/(-5). Let m(f) = 19*f**2 - 3*f + 2. Let s be m(l). Calculate the highest common factor of s and 9.
9
Let h be (7 + -3 - 28/8)*122. Calculate the greatest common factor of 122 and h.
61
Let i = -31 + 32. Calculate the highest common divisor of 9 and i.
1
Let v be 22 - ((-2)/11 - 4/(-22)). Calculate the highest common divisor of 22 and v.
22
Suppose -90 = -5*d + 15. Let r = d + 9. Suppose -f + 0*f = -12. Calculate the greatest common divisor of f and r.
6
Let a = -41 - -55. Calculate the greatest common factor of a and 98.
14
Let l(c) = c**2 - 5*c - 2. Let h be (11/4)/(7/28). Let z be l(h). What is the greatest common factor of z and 32?
32
Let v = -32 - -48. Let o = 3 + v. What is the highest common factor of 38 and o?
19
Let t be (-11)/(-33) + 5/(30/268). Calculate the highest common divisor of t and 5.
5
Let l be ((-68)/14)/((-4)/28). Calculate the highest common divisor of 374 and l.
34
Suppose -f + o - 4*o = -8, -5*o - 100 = -5*f. Let k = f + -6. Calculate the highest common factor of 11 and k.
11
Let u(d) = 3*d**2 - 2*d - 2. Let l be u(2). What is the highest common divisor of l and 36?
6
Let q(f) = f**2 - 6*f + 3. Let z be q(7). Let g(p) = -273*p - 2. Let u be g(2). Let w be (-8)/(-44) + u/(-11). What is the highest common factor of w and z?
10
Suppose 2*m + 1 = 3*k, m = -4*k - m - 8. Let q = k - -5. Suppose -q*c + c = -108. Calculate the highest common factor of 9 and c.
9
Let k = 52 + -29. Calculate the highest common divisor of k and 69.
23
Suppose -y - 5 = -105. What is the greatest common factor of y and 40?
20
Let l be 1/2 + (-585)/(-6). Suppose 3*w - 428 + l = 0. What is the highest common divisor of 10 and w?
10
Suppose 29*h - 34*h + 275 = 0. Let z(b) = -4*b - 6. Let r be z(-7). Calculate the highest common divisor of r and h.
11
Let p be (4/(-6))/((-13)/234). Calculate the greatest common factor of p and 48.
12
Let k(b) = b**2 - 14*b + 2. Let f be k(14). Suppose 5*t - 4*n + 8 - 112 = 0, -4*t - 3*n + 77 = 0. What is the highest common factor of f and t?
2
Let x be 4/(-18) - (-8)/36. Let c = x - -5. What is the highest common divisor of 40 and c?
5
Let p(c) = c**2 - 5*c - 4. Let j be p(-4). Calculate the greatest common divisor of 96 and j.
32
Let j be 1*((-5 - -6) + 3). What is the greatest common divisor of 24 and j?
4
Let r = 4 - -11. Let o = 102 + -57. What is the highest common factor of o and r?
15
Suppose -5*q = 4*y - 912 - 33, 0 = 3*q + y - 560. Suppose 0 = 3*l - q - 211. Calculate the greatest common divisor of l and 12.
12
Suppose -8*n + 20 + 36 = 0. Let a be (28/(-6))/(-2)*9. Calculate the highest common divisor of a and n.
7
Suppose -m - 8 + 33 = 3*z, 4*z - 36 = -2*m. Calculate the highest common factor of z and 7.
7
Let w(g) = -8*g - 88. Let b be w(-17). Calculate the highest common divisor of b and 12.
12
Suppose x + 3*a = 9, 2*x - 3*a = -4*a + 33. Let f = 187 - 133. Calculate the greatest common factor of x and f.
18
Let d = 8 + -5. Suppose -u = d*u - 20. Let r(k) = -k**2 + 8*k - 4. Let a be r(u). What is the greatest common divisor of a and 99?
11
Let p(i) = 2*i**2 + 3*i + 3. Suppose 4*r + 27 = 3*c, -3*r + 8*r - 5*c = -40. Let f be p(r). What is the highest common factor of f and 4?
4
Let f be 128/56 + 1/((-7)/2). Let h be (-29)/(-9) + (-2)/9. Suppose 0*n = h*n - 18. Calculate the highest common divisor of f and n.
2
Let d(a) = 5*a**2 - a + 7. Let i be d(-5). Suppose -4*g - 5*t = -i, 3*g = 4*g + 5*t - 53. Calculate the greatest common factor of g and 7.
7
Suppose 8*u = 4*u + 20. Let p(x) = -x**2 + 8*x - 7. Let r be p(u). Suppose -4*h = 93 - 381. Calculate the greatest common divisor of r and h.
8
Let a(n) = 4*n**3 - 3*n**2 + 5*n - 6. Let q be a(2). What is the greatest common divisor of 48 and q?
24
Suppose 2*d - 2 = 3*d. Let n = 21 + d. What is the highest common factor of n and 57?
19
Let c = 13 - 5. Let l be ((-66)/c)/(9/(-24)). Calculate the greatest common divisor of l and 154.
22
Let p(w) = w**2 + w - 8. Let x be p(3). What is the greatest common divisor of 2 and x?
2
Let m(t) = -t**3 + t**2 + 2*t. Let r be m(-2). Calculate the highest common divisor of 8 and r.
8
Suppose 0 = -3*b - b + 32. Let d(z) = 6*z + 4. Let v be d(-7). Let s be 1/4 - v/b. What is the highest common divisor of 10 and s?
5
Let g(f) = f + 70. Let h be g(0). Let o be (5*(8 - 1))/(-1). Let n = h + o. Calculate the greatest common divisor of n and 14.
7
Let q be 14/8 - 1/(-4). Suppose q*z - 12 + 2 = 0. What is the highest common factor of 45 and z?
5
Suppose k = 18 + 9. Let t = -7 + k. What is the highest common divisor of 